ds digit of k(22)?
1
Suppose 1620 = 3*u + 5*g, 3*u - 9*g = -8*g + 1602. What is the hundreds digit of u?
5
Let p(s) be the third derivative of s**5/30 + s**4/6 - 5*s**3/6 - 3*s**2. Let z(r) be the first derivative of p(r). What is the tens digit of z(9)?
4
Suppose 11*k - 38 = 6. Suppose 24 + 28 = k*b. What is the tens digit of b?
1
Suppose -6*y + 45 = -y. Suppose -3*h - 8 - y = -m, -20 = 5*h. Suppose 0 = m*f - 35. What is the units digit of f?
7
Let s(d) = 3*d**2 - 18*d + 10. Let i(t) = 2*t**2 - 17*t + 11. Let c(y) = 4*i(y) - 3*s(y). What is the tens digit of c(-7)?
6
Let q = -8 + 4. Suppose 89*m - 76*m - 325 = 0. Let w = m - q. What is the tens digit of w?
2
Let d(b) = 8*b**2 - 1. Let z be d(-1). What is the units digit of (-1 + -1 - z)*-1?
9
Let p be (-9)/(-2) + 1/2. Suppose -811 = -p*k - 181. What is the tens digit of k?
2
Suppose -13 = -2*v - 37. Let m = -13 - v. What is the tens digit of (21/9 - m)*15?
5
Let y = -1894 - -4673. What is the thousands digit of y?
2
Suppose 3*a = -0*a - 918. Let r = 431 + a. Suppose 0 = -0*y - 5*y + r. What is the tens digit of y?
2
Let x(m) = 227*m - 645. What is the hundreds digit of x(17)?
2
Let a(i) be the first derivative of -3*i**2/2 + 7*i + 1. Let g be a(3). What is the units digit of 48/3 + 0/g?
6
Let i(d) = 3*d**2 + 4*d + 6. What is the tens digit of i(-4)?
3
Let s = 19 + -16. Suppose 0 = -s*b + 6 - 0. Suppose b*k - 38 = -4*u, 2*k = 4*u + 6*k - 48. What is the units digit of u?
7
Suppose -12*o - 13*o = -11550. What is the tens digit of o?
6
Let n be -20*(-1 + 1/2). Suppose 18 - n = -2*g. Let i(v) = v + 6. What is the units digit of i(g)?
2
Suppose -7*o = -18677 + 3361. What is the units digit of o?
8
Let i = 3239 - 1720. What is the thousands digit of i?
1
Suppose 2*f = -3*q - 5, -q - 20 = 3*q. Suppose a - f*y + 0 - 2 = 0, 2*y = 0. What is the units digit of (a/(-2))/(1/(-2))?
2
Let f(q) = -q**3 + 2*q**2 + 6*q - 7. Let o be f(3). What is the units digit of ((-182)/35)/(o/(-20))?
2
Let p(q) = -q**3 + 2*q**2 - 4*q - 16. What is the units digit of p(-4)?
6
Suppose 4*a - 5*j = -j + 12, 4*j + 12 = 0. Suppose -l + a*l - 66 = -5*q, 12 = 3*l. Let z(k) = 6*k - 17. What is the tens digit of z(q)?
6
Let s(k) = -k**3 - 3*k**2 - k + 3. Let a be s(-3). Let u(n) = n - 5. Let x be u(a). Suppose 2*l - x - 7 = 0. What is the units digit of l?
4
Let j(a) = a**3 - a + 100. Suppose 0 = 22*g - 20*g. What is the units digit of j(g)?
0
Let g(f) = 4*f - 4. Let j be g(-5). Let v = j - -22. What is the units digit of -3*v/(-9)*-3?
2
Let s(r) = -r**3 - r**2 + 4*r + 11. Let l be s(-6). Suppose -199 = -3*c + l. What is the units digit of c?
2
Let y = 5 + -4. Suppose -5*v = 2*b + 2*b - 16, 0 = -3*b + 2*v + 12. Suppose b*q = 3*q + y. What is the units digit of q?
1
Let t be 9036/16 - (-6)/24. Suppose 5*d - 4*y - t = 0, 8*y + 326 = 3*d + 3*y. What is the units digit of d?
7
Let p(k) = 9*k**2 + 4*k - 1. Let z be p(7). Suppose 5*o = -2*b + 297, -5*b + o + z = -288. What is the hundreds digit of b?
1
Let i(v) = 4*v**2 + 15*v + 58. What is the units digit of i(-10)?
8
Suppose -3*x + 167 = 5*c, 164 = 3*x + 4*c - 2*c. Let n = -29 + x. What is the tens digit of n?
2
Let w = 1578 - 779. What is the units digit of w?
9
Let o = 0 - -3. Suppose 4*d + 3*a + 2*a - 4 = 0, o*d + 5*a = -2. Suppose 3*t - d = -r + 9, -r - 2*t + 16 = 0. What is the tens digit of r?
1
Let v be 2*(3 - 1)*1. Suppose 0 = -t + k - 171, -v*t = -0*k + 2*k + 678. What is the units digit of ((-4)/5)/(4/t)?
4
Let w be (-2 - -3)*((-98)/1)/(-1). Suppose 0 = 5*t - w + 33. What is the units digit of t?
3
Let t = 176 - 164. What is the tens digit of t?
1
Suppose 516 = -5*q - d - 224, -2*q - 283 = 3*d. Let h = q + 229. What is the units digit of h?
0
Suppose -4*b + 9099 = 447. What is the thousands digit of b?
2
Let l(v) = -4*v - 1. Let y be l(2). What is the units digit of y + 7 + (-116)/(-1)?
4
Let m be (-36)/(-27) + (-4)/(-6). Suppose c - 2*c = -z - 12, m*c = 3*z + 21. What is the tens digit of c?
1
Let c be (-1 + 3/3)/1. Suppose -y + 5 = -c. Let i = y + -2. What is the units digit of i?
3
Let h = -106477 - -74253. What is the units digit of 4/26 + h/(-104)?
0
What is the units digit of (-2)/(4/(-5))*72336/660?
4
Let r(v) = 2 - 5*v**2 - 3 + 4*v**2. Let j(c) = -4*c**2 + c + 20. Let s(p) = j(p) - 5*r(p). What is the tens digit of s(0)?
2
Let b(c) = -2*c**3 + 6*c - 5. Let s be b(4). Let o = -75 - s. Suppose -i = y - 30, -2*y = i + 3*y - o. What is the units digit of i?
9
Let t(w) = 2*w**2 + 8*w - 12. Let h be t(8). Suppose -2*k + h = 3*p + k, 0 = -2*p - 4*k + 118. What is the tens digit of p?
6
Let w(a) = 4*a**3 - 24*a**2 - 18*a + 51. What is the tens digit of w(8)?
1
Suppose 4508 = -6*v + 10*v. Suppose 0 = -5*d + 2*w + 1128, 2*d + 3*w + v = 7*d. What is the units digit of d?
6
Suppose -185*g + 1830 = -180*g. What is the tens digit of g?
6
Let t be (-4)/14 - (-5156)/14. Let n = t + -249. What is the units digit of n?
9
Suppose 5348 = 2*t - 4*c - 178, 2*c - 11002 = -4*t. What is the units digit of t?
3
Suppose 3*h - 3374 = -4*j + 1847, 2*j - 8697 = -5*h. What is the thousands digit of h?
1
Let w = 1576 - 333. What is the hundreds digit of w?
2
Suppose 310 - 2299 = -2*v + 5*c, -v - 3*c = -978. What is the units digit of v?
7
What is the hundreds digit of 3490 + (2/(-5))/((-17)/(-255))?
4
Suppose -4*t - 5*h = -8, 3*t + 0 = 3*h + 6. Suppose -t*k - a - 327 = -4*k, -2*k = 5*a - 357. What is the hundreds digit of k?
1
Let a(z) = -z**2 - z - 1. Let u(o) = -5*o**2 - 5*o - 4. Let j(t) = -4*a(t) + u(t). Let y be j(0). What is the units digit of (y - 0) + 33/11?
3
Let i(w) = 4*w**2 - 190*w + 2. What is the thousands digit of i(-7)?
1
Let z(i) = i**3 - 5*i**2 - 5*i - 3. Let a(b) = 3*b - 12. Let y be a(6). Let o be z(y). Suppose -o*f = -10 + 4. What is the units digit of f?
2
Let b be (-24)/60 - 544/(-10). Let l = b - 21. What is the tens digit of l?
3
Let l = -68 - -164. Suppose 3*x - l - 225 = 0. What is the hundreds digit of x?
1
Suppose 23310 + 7171 = 17*q. What is the thousands digit of q?
1
Suppose 12*p + 5584 = 20*p. What is the units digit of p?
8
Let w be (2 - 40/15) + 46/6. Suppose w*m = 9*m - 224. What is the tens digit of m?
1
Suppose 3*u - 392 = -o + 176, 3*u = -9. What is the hundreds digit of o?
5
Let r = 333 + -185. What is the tens digit of r?
4
Let k(q) = -q + 7. Let c be k(6). What is the units digit of (-108)/(-2) + (3 - c) + -4?
2
Let l be (-49)/(-14)*(-30)/(-21). Suppose -l*y - 5*i + 255 = 0, y + 0*y = -4*i + 66. What is the tens digit of y?
4
Let q = 1892 + -1323. What is the units digit of q?
9
Let t(c) = -c**3 - 5*c**2 - 9*c - 5. Let r be t(-6). Suppose u = 2*u - r. What is the units digit of u?
5
What is the tens digit of ((-4)/3)/(6/(-63))?
1
Let j(h) = -h**2 - 7*h + 3. Let m be j(-8). Suppose -5*n + 0*k + k + 46 = 0, -5*k - 5 = 0. Let o = m + n. What is the units digit of o?
4
Let z(j) = -4*j - 1. Suppose 4*t + 23 = b, 5*b - 19 = -5*t + t. Let m be z(b). Let x = m + 76. What is the tens digit of x?
4
Suppose -3*t - w + 65 = 0, -4*t - 3*w + 6*w + 65 = 0. Suppose -m = -u + 4, -u = 3*u - t. Suppose 0 = 2*g - m - 3. What is the units digit of g?
2
Let d(l) = 2*l**3 - 4*l**2 + 4*l - 17. What is the units digit of d(7)?
1
Suppose 17 = -3*p + 62. Let w = p - -60. What is the units digit of w?
5
Let y(m) = m**3 - 5*m**2 - 6*m + 5. Let o be y(6). Suppose 2*q - 2*b = 362, 2*q - 334 = -0*b - o*b. What is the units digit of q?
7
Let q(h) = 2*h**3 + 31*h**2 + 3*h - 21. What is the tens digit of q(-14)?
2
Let j be 8*4/(-8) - -235 - -3. Suppose -3*t = 60 - j. What is the units digit of t?
8
Suppose 2*u + 3*u - i - 58 = 0, 0 = -u - 2*i + 16. Let a = 54 - u. What is the tens digit of a?
4
Let h be 2 - (-1 + 2 + 3). Let m be (18/(-12))/((-1)/h). What is the tens digit of (m - -6) + -3 + 23?
2
Suppose -4*n + 15479 = 19*n. What is the tens digit of n?
7
Let j(x) = x**3 - 3*x**2 - 3*x - 2. Let p be j(4). Suppose -p*z = -3*z + 41. What is the tens digit of z?
4
Let i(p) = -4*p - 7 - 4*p + p - 11*p. Suppose z = 3 - 7. What is the tens digit of i(z)?
6
What is the hundreds digit of (-1178)/(-133)*(0 - 7)*-31?
9
Let g = 2 + 0. What is the hundreds digit of -78*((4 - g) + (-14)/4)?
1
Suppose 266 = 3*q - 10. What is the tens digit of q/12*(4 + -1)?
2
Suppose 387 = 7*j - 1314. Suppose -f - j 